 c(4).
19, 67
Let i(c) = 6*c**2 - c**2 + 3 - c**3 - 2*c + 2*c**2. Let j be i(7). Let b(s) = -s**3 - 11*s**2 - 4*s - 9. List the prime factors of b(j).
5, 7
Let j = -70 + 22. Let n be 10/5 - j/(-1). Let k = -1 - n. List the prime factors of k.
3, 5
Let n(u) = -u**3 + 16*u**2 - 18*u - 12. Let y be n(14). Let b = -58 + y. List the prime factors of b.
2, 5, 7
Let b(z) = -z**2 - 4*z. Let a be b(-3). Let r be -1*a + 648/8. Suppose -3*h + r = -0*h. What are the prime factors of h?
2, 13
Suppose 4*n + 4*u - 24940 = 0, 11863 = 3*n - u - 6862. What are the prime factors of n?
2, 3, 5, 13
Let z(r) = r**3 - r**2 - r. Let k(m) = 3*m**3 - 6*m**2 - 5*m - 6. Let p(c) = -k(c) + 2*z(c). Let g be p(5). List the prime factors of -6*1*g + 0.
2, 3
Let j(g) = g**3 - 6*g**2 + 5*g - 4. Let f(p) = -p**2 - 2*p + 2. Let i be f(0). Suppose 0 = -t + 1, -9 + 0 = -i*y + 3*t. List the prime factors of j(y).
2, 13
Suppose 5*z - 60 = 6*z. Let n be (4 + 0)/((-6)/z). Let s = -16 + n. List the prime factors of s.
2, 3
Let o(c) = -c**3 + 12*c**2 - c + 8. Let r be o(8). What are the prime factors of (-132)/(-16)*r/12?
2, 11
Suppose 3*w - v = 45 - 157, -v + 4 = 0. Let u be 3/(2/(46/1)). Let r = w + u. List the prime factors of r.
3, 11
Suppose -2*f = -4*f + 80. Suppose 0 = -10*l + 5*l + f. Suppose 2*p = -n + 35, p - 2*n - 33 = -l. List the prime factors of p.
19
Suppose -5*b = 1 + 4, -21 = -5*g - 4*b. Suppose -3*o + t + 15 = -16, -3*o - g*t = -25. Suppose -o = -i + 6. What are the prime factors of i?
2
Let w(y) be the third derivative of -y**2 + 0*y - 1/8*y**4 + 1/60*y**5 + 0 + 1/3*y**3. What are the prime factors of w(6)?
2, 5
Suppose 0 = -16*c + 5*c. Suppose 0 = -c*p - 2*p + 192. What are the prime factors of p?
2, 3
Let i(g) = 58*g**3 - g**2. Let b be i(-1). Suppose -3*y + 2*m - 74 = 0, 15 = -y - m - 13. Let n = y - b. List the prime factors of n.
3, 11
Let w(i) = -i**3 + 12*i**2 - 3*i - 18. List the prime factors of w(9).
2, 3, 11
Suppose 5*b = 4*b + 3, -3*b = -4*s + 999. What are the prime factors of s?
2, 3, 7
Suppose 5*a = 1139 - 229. What are the prime factors of a?
2, 7, 13
Suppose -2*l + 2338 = -2*o, -3*o + o = 2*l - 2322. List the prime factors of l.
5, 233
Let n = 21 + -18. Suppose j + n*h = 68, -307 = -2*j - 3*j - 4*h. List the prime factors of j.
59
Let r(d) = 7*d**3 - 6*d**2 - d + 3. List the prime factors of r(6).
3, 431
Suppose -4*c + i = 2*i - 518, 4*i = -2*c + 266. Suppose -t + c = 28. What are the prime factors of t?
101
Let w(b) = -10*b - 28. Let i(d) = -9*d - 28. Let y(o) = 4*i(o) - 3*w(o). Let q = -1314 + 1306. List the prime factors of y(q).
2, 5
Suppose -2888 = -5*t - 3*p, 3*p = -t - 2*p + 582. What are the prime factors of t?
577
Suppose 3*i - 23 = -4*q, -3*i + 2*i - 5 = -5*q. Suppose 2*f - 92 = -q*f. What are the prime factors of f?
23
Let p(f) = 3*f**2 - 7*f - 2. Let i(c) = 16*c**2 - 36*c - 11. Let j be (4/(-10))/((-10)/(-50)). Let g(r) = j*i(r) + 11*p(r). List the prime factors of g(11).
2, 3, 11
Suppose -3*w + 4*h - 24 = -7*w, -h - 4 = 0. Suppose -9*r + w*r - 48 = 0. Let f = -15 + r. What are the prime factors of f?
3, 11
Suppose -8*v + 11*v = -261. Let y = v - -127. Suppose h = -3*g - 4*h + y, -4*h + 24 = 2*g. What are the prime factors of g?
2, 5
Let x be ((-2)/6)/((-2)/270). Let a = x + -26. Let h = a + -5. List the prime factors of h.
2, 7
What are the prime factors of ((-83872)/(-20) - -1) + 6/15?
5, 839
Suppose 0 = 7*m - 2*m - 30. Suppose 2*i - m*i - 2*o + 14 = 0, -4*i - 4*o = -12. List the prime factors of i.
2
Let o(x) = x**2 - 27*x + 100. List the prime factors of o(-21).
2, 277
Suppose 25 - 185 = -4*o. Let j = o - 38. Suppose 17 = j*f - 41. What are the prime factors of f?
29
Let a(m) = 4*m**2 + 31*m + 97. What are the prime factors of a(-37)?
2, 2213
Let p(r) = 10*r - 20. Let i be p(8). Let f = 5 - i. List the prime factors of 132/10 + 11/f.
13
Let h(v) = 8*v**2 + 5*v + 239. List the prime factors of h(-13).
2, 7, 109
Suppose -4*t = -t - 162. Suppose 7*y - 5*y - t = 0. Suppose -5*z + 2*w = -83 + 24, 3*z - y = 4*w. List the prime factors of z.
13
Suppose -5*z - 2*i + 492 = 0, -2*i = z - 126 + 34. Suppose d - z = 3*y + 10, -15 = -5*y. List the prime factors of d.
7, 17
Suppose 4*x = -2*c + 18, -2*c + 27 = x + 3*c. What are the prime factors of 415/x*18/15?
3, 83
Let b = 233 - 154. Let r = -34 + b. List the prime factors of r.
3, 5
What are the prime factors of 746 + 36/4 + -5?
2, 3, 5
Let w(g) = -g**2 + 13*g - 19. Let n be w(10). Suppose 4*j + j - n = s, 3*s = 5*j - 13. List the prime factors of (-3)/6*-5*j.
5
Let t be ((-46)/(-6))/((-5)/90). Let f = -88 - t. Suppose 3*x - f = -2*x. What are the prime factors of x?
2, 5
Suppose 2*y + 91 = 225. Suppose g - y + 3 = 0. List the prime factors of g.
2
Let v(o) = -3*o**3 - 17*o**2 - 23*o + 1. List the prime factors of v(-10).
1531
Suppose 4*x - 2*p - 14266 = 0, x - 1387 - 2176 = 4*p. What are the prime factors of x?
3, 29, 41
Suppose -38 = -2*i + 3*o, 0 = 5*i + o - 20 - 41. Suppose 3*g + 6 = 5*g. Let v = i - g. What are the prime factors of v?
2, 5
Suppose -155*s = -150*s - 2*y - 2945, 5*s - 2910 = -5*y. What are the prime factors of s?
587
Suppose 31 = 11*k - 1058. List the prime factors of k.
3, 11
Let d(w) = -w + 2. Let y be d(-6). Let r(f) = -7 + 9*f**2 - y*f**2 + 3. List the prime factors of r(-4).
2, 3
Suppose -4*l - 32 = -12*l. List the prime factors of l/(-8)*-194 - 2.
5, 19
Suppose 174*c - 175*c + 390 = 0. List the prime factors of c.
2, 3, 5, 13
Let n(f) = -f**3 - 6*f**2 - 7*f - 80. List the prime factors of n(-15).
2, 5, 41
Let l = 18 + -13. Let i(r) = -2*r**2 + l + 4*r**2 - 10 - 7*r. List the prime factors of i(6).
5
Let j(i) = i**3 - 4*i**2 - 2*i - 11. Let c be (32/10)/((-8)/40). Let s = -10 - c. What are the prime factors of j(s)?
7
Let p = 48 + -55. Let w(q) = 2*q**2 - 2*q - 9. What are the prime factors of w(p)?
103
Let p be (-72)/(-7) + (-12)/42. Suppose -p = 4*g + 2. List the prime factors of (-2)/g*117/2.
3, 13
Let v(f) = 6*f**2 - 3*f + 5. Let u = 7 + -4. Suppose -u*t + 5 = -1. What are the prime factors of v(t)?
23
Let p(x) = -51*x - 269. List the prime factors of p(-27).
2, 277
Suppose 3 = -u, 3*w - 3 = -8*u + 3*u. Suppose 416 = 2*y + w*y. What are the prime factors of y?
2, 13
Let j be 0 - 23/(-4) - 3/4. Suppose -4*z - j*f + 267 = 0, -2*z = 2*f - 178 + 42. What are the prime factors of z?
73
Suppose -6*i + 949 = -1061. What are the prime factors of i?
5, 67
Let h(g) be the second derivative of -g**3/6 - 2*g**2 - 3*g. Let i be h(-6). Suppose 0 = i*y - y - 17. What are the prime factors of y?
17
Let r = 56 + 239. Suppose 7*d = 153 + r. What are the prime factors of d?
2
Let z be (7 - 0)*((-8640)/28)/(-3). Suppose 17*s - z = 11. What are the prime factors of s?
43
Suppose w - 5*p - 26 = -p, 4*w - 5*p - 60 = 0. Suppose 2*v - 16 - w = 0. What are the prime factors of v?
13
Suppose 13*v = -58*v + 149597. What are the prime factors of v?
7, 43
Let o be 60/140 + (-2 - 50/(-14)). Suppose -2*a - 46 = -3*k + 165, 5*k = o*a + 357. List the prime factors of k.
73
Let a(m) = -m**2 + 51*m + 46. What are the prime factors of a(13)?
2, 3, 5
Let x = 59 + 24. Let z = x + -38. List the prime factors of z.
3, 5
Suppose -11*w + 16*w - 45 = 0. Suppose -w*j = -4*j - 10. List the prime factors of j/(-2 - 32/(-14)).
7
Let r = 92 - 6. Suppose 5*m - 199 = r. List the prime factors of m.
3, 19
Let j be 2/(0 + 2 + (-392)/194). Let y = -47 - j. List the prime factors of y.
2, 5
Let l(d) = -115*d - 379. What are the prime factors of l(-6)?
311
Suppose 4*z + 2*q - 22 = 0, 5*z + 12 - 72 = 4*q. What are the prime factors of 182 + -1*0*4/z?
2, 7, 13
Let w(s) = 210*s - 549. List the prime factors of w(15).
3, 17
Let v = 18 - 0. Suppose -v = f - 69. List the prime factors of f.
3, 17
Let d(w) = 2883*w**2 + 20*w - 2. List the prime factors of d(1).
3, 967
Let z = -205 + 287. Let w = z + -74. What are the prime factors of w?
2
Suppose -8688 = -1446*g + 1444*g. What are the prime factors of g?
2, 3, 181
What are the prime factors of 22916/30 + ((-62)/(-15) - 4)?
2, 191
Suppose 462*s = 458*s - 5*h + 10269, 2*s = 4*h + 5128. What are the prime factors of s?
2, 1283
Suppose 334 + 26 = -12*o. List the prime factors of (-2068)/(-20) + 12/o.
103
Let o be (-96)/40*(-140)/3. Suppose 2*p = -0*p + o. What are the prime facto